81*v - 13068. Suppose 16 = -2*z + 60. Calculate the highest common divisor of z and v.
22
Let x(t) = t**2 - t - 6400. Let f be x(-81). Calculate the greatest common factor of f and 2266.
22
Let s = -1139 + 1337. Calculate the highest common factor of s and 342.
18
Suppose -4*j - 2*m = -6914 - 16760, 0 = 5*j + 2*m - 29590. Calculate the greatest common divisor of j and 408.
204
Suppose 5*c = -3*q + 10*c + 370, -232 = -2*q - 4*c. Let d = q + -114. Calculate the greatest common divisor of d and 5.
1
Let x be (1 - 2)*73*(2 + -3). Let b = -57 + x. Calculate the greatest common factor of b and 24.
8
Let t(l) = 91*l + 15. Let n be t(2). Let c = -172 + n. Calculate the highest common divisor of 20 and c.
5
Let z = 36 - 37. Let c be z - 13/(26/(-24)). Let s be (-1)/(1*4/(-352)). Calculate the greatest common factor of c and s.
11
Let p = -558481 + 558801. Suppose -2*u - 3*o + 5 = 0, 4*u + o = 2 + 33. Calculate the highest common factor of p and u.
10
Let b(t) = -t**2 + 5*t. Let n be b(5). Let c(q) = -q**2 - 9*q + 93. Let k be c(n). Let d = k - 59. Calculate the greatest common divisor of d and 272.
34
Let d(x) = 12*x**2 - 27*x + 37. Let v(o) = 7*o**2 - 14*o + 19. Let a(l) = -3*d(l) + 5*v(l). Let h be a(7). What is the highest common factor of 42 and h?
6
Let x(f) = -417*f - 1996. Let t be x(-5). What is the highest common divisor of t and 9968?
89
Suppose 2*o + 3821 = 3*p - 624, 3*o + 5926 = 4*p. Suppose -17*w + 1016 = -p. What is the highest common divisor of w and 42?
21
Let u be 0/(-3*5/(-15)). Suppose 0 = -u*q - 12*q + 108. What is the greatest common divisor of 144 and q?
9
Suppose -4*m + 5*y = -333, -y + 327 = 4*m - 0*m. Suppose m = h - 62. Calculate the highest common divisor of h and 9.
9
Let n = 1575 + -1471. Calculate the greatest common factor of n and 3328.
104
Let n(u) = 5*u**2 + 16*u + 11. Let j be n(-11). Let g(r) = -64*r + 872. Let h be g(13). What is the highest common divisor of h and j?
40
Let d be 3 - 5 - (-238)/7. Suppose 4*v - 13 = r + 19, 4*v + 3*r = d. Calculate the greatest common factor of v and 76.
4
Let z be 0/(1/(0 + -2 + 3)). Suppose 4*x - 5*j - 55 = z, 2*x + 4*j = 5*j + 29. Calculate the greatest common factor of x and 25.
5
Suppose 17*l - 12*l - 245 = 0. Suppose -43*s - 1362 = -l*s. Suppose 6*b = 1 + s. Calculate the highest common divisor of b and 76.
38
Suppose -2*b - 4166 = -58*b - 22. What is the highest common divisor of 5587 and b?
37
Let h = 5732 + -5728. Let w(x) = -2*x. Let j be w(-2). Suppose -1 - 39 = -j*a. Calculate the highest common divisor of h and a.
2
Let k(s) = s**2 + 7*s. Let a be k(-7). Let u be 11 + (-1 - (-4 - a)/(-4)). Let m = u - -15. Calculate the greatest common divisor of 8 and m.
8
Let z be (14/(-4) + -5)*2. Let r(f) = -f**3 - 16*f**2 + 16*f - 16. Let g be r(z). Calculate the highest common divisor of g and 16.
1
Let z = 386 + -381. What is the highest common factor of 810 and z?
5
Suppose 34*n + 1584 = 35*n. Suppose 9*x - 20*x + n = 0. Suppose 3*m - 78 = 30. Calculate the highest common divisor of x and m.
36
Let i = -96 - -102. Let f be -2 + (-396)/(-15) + i/(-15). Let s be (-4*f)/(-4) - 4. Calculate the greatest common factor of s and 20.
20
Let n be 2970/297*(-1648)/(-10). What is the highest common divisor of n and 112?
16
Suppose 5*g = 2*b + 1480, -3*b - b = -4*g + 1196. What is the greatest common factor of g and 231?
21
Suppose -42081 = -77*y + 13744. Calculate the highest common divisor of 696 and y.
29
Let v = 14401 - 13073. Calculate the highest common divisor of 1909 and v.
83
Let o be 2 + (-13)/6 - 7201/(-114). Calculate the highest common factor of 1008 and o.
63
Let j be 5*(4 + (1 - 3)). Let p = 2194 - 2024. Calculate the greatest common divisor of j and p.
10
Suppose -u = -2, 69*g + 3*u - 142 = 65*g. Suppose -q = -5*q + 192. Let z = q - g. What is the greatest common factor of 28 and z?
14
Suppose -4*h + 2*i = -254, -4*h = -3*i - 0*i - 251. Let y = -3 + h. What is the highest common factor of y and 124?
62
Let o be (-9)/(-4) - 2/8. Suppose -q = 5*z - 163, 0 = o*z - 0*q + 3*q - 73. Let f = 406 + -278. Calculate the greatest common divisor of f and z.
32
Let h(y) = 141*y - 1372. Let f be h(10). Suppose 3*x - 98 = 4*d, -5*d - 170 = -3*x - 2*x. What is the highest common factor of x and f?
38
Let h be 660/154 - (-4)/(-14). Suppose -9*l + 123 = -4*l + 4*y, -h*l - 5*y = -93. Calculate the greatest common factor of 18 and l.
9
Let h(o) = -3*o**3 - 69*o**2 + 5*o + 44. Let z be h(-25). Calculate the highest common factor of 3 and z.
3
Let p be (1 - (-29)/5)/(42/105). Suppose 13*v - p*v + 44 = 0. Suppose -4*i + 2*m + 203 - 23 = 0, -m - 2 = 0. Calculate the greatest common factor of i and v.
11
Let t = -4 + 4. Suppose p + u = 2*u + 28, t = 5*p + u - 134. What is the highest common factor of p and 18?
9
Let k be (-62)/31*54/(-12). Calculate the greatest common divisor of 477 and k.
9
Let h(p) = 192*p - 3. Let g be h(2). Suppose -3*l = -2*j - g, l - 53 = j + 75. Calculate the highest common divisor of 25 and l.
25
Let r = -3682 + 7606. Calculate the greatest common factor of 108 and r.
36
Let u be (1 - (3 - 5)) + -10. Let q be (2 - 30)*(u - -6). Calculate the highest common divisor of q and 28.
28
Suppose -3*h = -0 + 9, 0 = 5*d + 2*h - 5784. Suppose -5*b + 4*k = -d, b - 4*k + 5*k = 237. What is the highest common divisor of 26 and b?
26
Let d(h) = h**3 + 11*h**2 + 23*h + 435. Let s be d(-12). Calculate the highest common factor of 312 and s.
3
Let f(u) = 4*u - 6 - 20 - u. Suppose -70*q + 119*q - 247 - 194 = 0. Let a be f(q). Calculate the greatest common divisor of 16 and a.
1
Let q = 572 + -244. Let r = -282 + 200. Let i be r*(3/6 - 1). Calculate the greatest common factor of q and i.
41
Let h = -151261 - -151560. Let u = 8 - -18. What is the greatest common factor of h and u?
13
Suppose -33*c + 26*c + 20*c - 91 = 0. What is the greatest common factor of 2058 and c?
7
Let h = -131 - -182. Let x(z) = 53*z - 14. Let a be x(7). What is the greatest common factor of h and a?
51
Suppose -3*m = -6*m + i + 5128, -i = -5*m + 8548. Calculate the greatest common factor of 1330 and m.
190
Let y(s) = 25*s**2 + 19*s - 32. Let k be y(-8). Calculate the greatest common factor of k and 2.
2
Let i = 9552 - 9439. What is the greatest common factor of 3 and i?
1
Suppose 0 = h + 3*b - 3, 3*h - 21*b = -18*b - 27. Let w be h/(-4)*200/(-75) + 43. Let a = 75 + -49. Calculate the greatest common factor of a and w.
13
Let u be -11*((-12)/48)/(33/72). Calculate the highest common factor of 849 and u.
3
Let q be (1 + 22/(-10))/((-9)/60). Let k be (q/(-6))/((-3)/135). Suppose 0 = v - 6*v + k. What is the greatest common factor of 4 and v?
4
Let j be ((-75)/(-50))/(2/4). Suppose 12 = -4*t, -3*b - j*t = -4*b + 145. What is the highest common divisor of b and 17?
17
Let p(d) = -28*d + 415. Let a be p(0). Let q = -383 + a. What is the highest common factor of q and 1376?
32
Suppose 0 = 5*m - 85 + 20. Let h = 13 - m. Suppose h = 4*v, a + 2*v = -a + 748. What is the greatest common factor of a and 34?
34
Suppose -39*n + 826988 + 300892 = 0. Calculate the highest common factor of 240 and n.
120
Let k be (5928/9)/(-13)*18/(-12). Calculate the highest common divisor of 646 and k.
38
Let k = -44 - -45. Suppose -k + 265 = 4*c. Let x be 0 + 0 + 4 + 2. Calculate the highest common divisor of c and x.
6
Suppose -5*d + 1856 = -4*z, 3*z + 1113 = 5*d - 2*d. Let n be 13 + -13 - (-11 - 1). Calculate the highest common factor of d and n.
12
Let m(i) = i**2 - 5*i - 4. Let s be m(-1). Suppose 8 = 2*l + s. Calculate the greatest common divisor of 48 and l.
3
Suppose -h - 30 + 28 = 4*s, 0 = 5*h - 2*s - 34. Calculate the greatest common divisor of 3210 and h.
6
Let y(f) = -f**2 - 2*f - 8 + 4 + 7*f - 2*f**2. Let j be y(2). Let o be j*((-340)/15)/1. Calculate the highest common factor of o and 17.
17
Suppose 216*c + 56 = 2*r + 221*c, 5*r + 2*c - 119 = 0. What is the highest common factor of 4899 and r?
23
Let f be 3 - (-1 - 4/4). Let h be (-2)/f - 6/10. Let v = 32 - h. What is the greatest common divisor of 11 and v?
11
Suppose -51 = -6*f + 45. Let z be (-1)/(-2*2/16). Suppose -7 = z*y - 5*p - 0, 5*y - 4 = 2*p. Calculate the greatest common factor of y and f.
2
Suppose -102*r - 216 = -100*r. Let m = -105 - r. Suppose 0 = z - 34 - 14. Calcu